{"id":239,"date":"2022-08-30T09:55:10","date_gmt":"2022-08-30T09:55:10","guid":{"rendered":"https:\/\/marcelsmodelcarmuseum.nl\/?page_id=239"},"modified":"2022-08-30T09:58:40","modified_gmt":"2022-08-30T09:58:40","slug":"website-deutsch","status":"publish","type":"page","link":"https:\/\/marcelsmodelcarmuseum.nl\/?page_id=239","title":{"rendered":"Website Deutsch"},"content":{"rendered":"\t\t<div data-elementor-type=\"wp-page\" data-elementor-id=\"239\" class=\"elementor elementor-239\">\n\t\t\t\t\t\t<div class=\"elementor-inner\">\n\t\t\t\t<div class=\"elementor-section-wrap\">\n\t\t\t\t\t\t\t\t\t<section class=\"elementor-section elementor-top-section elementor-element elementor-element-44c8b84 elementor-section-boxed elementor-section-height-default elementor-section-height-default\" data-id=\"44c8b84\" data-element_type=\"section\">\n\t\t\t\t\t\t<div class=\"elementor-container elementor-column-gap-default\">\n\t\t\t\t\t\t\t<div class=\"elementor-row\">\n\t\t\t\t\t<div class=\"elementor-column elementor-col-100 elementor-top-column elementor-element elementor-element-7d754ee\" data-id=\"7d754ee\" data-element_type=\"column\">\n\t\t\t<div class=\"elementor-column-wrap elementor-element-populated\">\n\t\t\t\t\t\t\t<div class=\"elementor-widget-wrap\">\n\t\t\t\t\t\t<div class=\"elementor-element elementor-element-5cf9f6a elementor-widget elementor-widget-text-editor\" data-id=\"5cf9f6a\" data-element_type=\"widget\" data-widget_type=\"text-editor.default\">\n\t\t\t\t<div class=\"elementor-widget-container\">\n\t\t\t\t\t\t\t\t<div class=\"elementor-text-editor elementor-clearfix\">\n\t\t\t\t<p style=\"line-height: 100%; margin-bottom: 0cm\" align=\"left\"><b>\u00dcber mich <\/b>\n<\/p>\n<p style=\"line-height: 100%; margin-bottom: 0cm\" align=\"left\">\n<br>\n\n<\/p>\n<p align=\"left\"><span lang=\"de-DE\">Ich habe zweimal\nim Jahr Geburtstag. Nicht wirklich nat\u00fcrlich, aber so f\u00fchlt es sich\nan, denn genauso oft wird mir hier in Borne ein Paket mit\nma\u00dfstabsgetreuen Modellen, Werbematerial und anderen Spielereien der\njapanischen Automarke Mitsubishi direkt aus Japan geliefert. Sachen,\ndie es in den Niederlanden nicht gibt. \u201eEs ist immer wieder eine\n\u00dcberraschung, was drin ist.\u201c Im Gegenzug schicke ich ein Paket mit\nGadgets, die Mitsubishi Motor Sales Netherlands und Mitsubishi Motors\nEurope speziell f\u00fcr den niederl\u00e4ndischen und europ\u00e4ischen Markt\nherstellen, an meinen befreundeten Mitsubishi-Sammler in Japan. <\/span>\n<\/p>\n<p align=\"left\"><span lang=\"de-DE\">Das l\u00e4uft so\nbereits seit etwa zwanzig Jahren. Der Austausch bildet die Grundlage\nf\u00fcr eine beeindruckende Sammlung ma\u00dfstabsgetreuer Modelle der\nAutomarke Mitsubishi. Etwa 6.000 Exemplare (Stand Sommer 2022) habe\nich mittlerweile professionell im Mitsubishi Modelcar Museum\nausgestellt. Untergebracht in einem speziell gebauten Raum hinter\nmeinem Geburtshaus. \u201eEs ist so konstruiert, dass genau zwei\nVitrinen zwischen die Fenster passen\u201c, erz\u00e4hle ich allen voller\nStolz! <br>\nWillkommen in meiner Mitsubishi-Miniaturwelt! <br>\nMein\nName ist Marcel van den Bos und ich bin <\/span><span lang=\"de-DE\">Eigent\u00fcmer\nder <\/span><span lang=\"de-DE\">weltgr\u00f6\u00dften\nMitsubishi-Modellauto<\/span><span lang=\"de-DE\">sammlung<\/span><span lang=\"de-DE\">.<\/span>\n<\/p>\n\n<p align=\"left\"><b>Meine Geschichte<\/b><\/p>\n<p align=\"left\"><span lang=\"de-DE\">Meine Geschichte\nin der Presse von Hans van Rheenen: Du bist ungef\u00e4hr 10 Jahre alt,\ndein Vater kauft ein neues Auto, einen Mitsubishi von Bennie Wilmink\n(damals noch in Azelo) und das Sammeln liegt dir durch die Familie im\nBlut\u2026 Das ist Marcel van den Bos passiert. Im Nachhinein ist er nur\nfroh, dass es um diese Automarke ging, denn das ist eine Marke, bei\nder man den \u00dcberblick behalten kann. Viele andere Marken haben eine\nVielzahl von Modellen und das macht das Sammeln nur noch schwieriger.\n<\/span>\n<\/p>\n<p align=\"left\"><span lang=\"de-DE\">Als Kind geht\nMarcel oft mit seinem Vater ins Autohaus und wenn er an der Rezeption\nist, kann er es sich nicht verkneifen, die dort im Regal stehenden\nModelle zu bewundern. Ab und zu mit der Folge, dass er wieder ein\nAuto mit nach Hause nehmen darf. Und so kommt eines zum anderen \u2026\nIn der Buchhandlung kauft man eine Autozeitschrift, entdeckt, dass es\nClubs von Sammlern von Modellautos gibt, und dann liest man, dass in\nHouten regelm\u00e4\u00dfig gro\u00dfe Messen f\u00fcr Modellautos stattfinden.<\/span>\n<\/p>\n\n<p align=\"left\"><b>Meine Leidenschaft<\/b><\/p>\n<p align=\"left\">Man kn\u00fcpft<span lang=\"de-DE\">\nKontakte zu anderen Sammlern. Das Internet h\u00e4lt Einzug, es entstehen\nnun auch globale Kontakte. Und dann landet man zum Beispiel \u00fcber\neinen australischen Sammler von Mitsubishi-Prospekten bei einem\njapanischen Mitsubishi-Fan. Mit letzterem steht Marcel noch immer in\nregelm\u00e4\u00dfigem Kontakt und eines der Dinge, die ganz oben auf seiner\nWunschliste stehen, ist, ihn in Japan zu besuchen. Gerade diese\nweltweiten Kontakte machen das Sammeln so spannend. In Fernost werden\nandere Modelle der Marke verkauft als hier in Europa, und so werden\nauch andere Miniaturen verkauft. \u00dcber Internetseiten wird versucht,\nall diese Modellautos zur Sammlung hinzuzuf\u00fcgen. Auch L\u00e4nder wie\nKorea, Japan und China ziehen Aufmerksamkeit auf sich. Japan steht\nohnehin sehr im Rampenlicht. Und nicht nur die japanische Kultur &#8211;\nder Garten ist bewusst als japanischer Garten angelegt &#8211; und als das\nMuseum gebaut wurde, war eine der Anforderungen, dass das Aussehen\ndes Geb\u00e4udes zu diesem japanischen Garten passen sollte. Das hat gut\ngeklappt!<\/span> \n<\/p>\n\n<p align=\"left\"><b>Meine Sammlung<\/b><\/p>\n<p align=\"left\"><span lang=\"de-DE\">Von einem echten\nSammler lernt man immer etwas. Heute Nachmittag erfuhr ich\nbeispielsweise, wie Mitsubishi zu seinem Namen und Logo kam. Das\nMitsubishi-Logo repr\u00e4sentiert drei Diamanten. Die Gruppe wurde\ngegr\u00fcndet, als drei japanische Industriefamilien anfingen,\nzusammenzuarbeiten. Mitsu bedeutet drei und, Sie haben es erraten,\nbishi bedeutet Diamanten! Neben den Modellautos sammelt Marcel auch\nalle Prospekte, Kataloge, Zeitungsartikel und andere Publikationen\n\u00fcber Mitsubishi. Leider kann er es nicht ausstellen. \u201eIch fand es\nschade, dass der Gro\u00dfteil meiner Sammlung in Kisten war. Ich dachte,\nes w\u00e4re sch\u00f6n, meine Sammlung anderen Interessenten zeigen zu\nk\u00f6nnen. So entstand der Plan f\u00fcr ein Museum.\u201c Zum Zeitpunkt\ndieses Interviews umfasste die gesamte Sammlung genau 4.807\nMiniaturen. Davon gibt es ungef\u00e4hr 4000 im Museum, der Rest w\u00e4re\nnicht mehr hinzuzuf\u00fcgen\u2026 In einem anderen Raum gibt es auch eine\nReihe von Vitrinen mit allerlei Mitsubishi-Artikeln: Kappen,\nWasserflaschen, Radiergummis, Aufkleber, Gl\u00e4ser und vieles mehr \u2026 <\/span>\n<\/p>\n<p align=\"left\"><span lang=\"de-DE\">Mitsubishi\nMerchandise in allen Variationen, vom Salzstreuer bis zum Bierdeckel!\n<\/span>\n<\/p>\n<p align=\"left\"><span lang=\"de-DE\"><b>Ein echter\nSammler hat niemals genug. Wenn Sie also etwas von Mitsubishi auf\nIhrem Dachboden oder in einer Schublade haben: Werfen Sie es nicht\nweg, sondern wenden Sie sich bitte an Marcel unter:\nvandenbosmarcel@gmail.com<\/b><\/span><b> <\/b>\n<\/p>\n<p align=\"left\"><br>\n<br>\n\n<\/p>\n<p align=\"left\"><br>\n<br>\n\n<\/p>\t\t\t\t\t<\/div>\n\t\t\t\t\t\t<\/div>\n\t\t\t\t<\/div>\n\t\t\t\t\t\t<\/div>\n\t\t\t\t\t<\/div>\n\t\t<\/div>\n\t\t\t\t\t\t\t\t<\/div>\n\t\t\t\t\t<\/div>\n\t\t<\/section>\n\t\t\t\t\t\t\t\t\t<\/div>\n\t\t\t<\/div>\n\t\t\t\t\t<\/div>\n\t\t","protected":false},"excerpt":{"rendered":"<p>\u00dcber mich Ich habe zweimal im Jahr Geburtstag. Nicht wirklich nat\u00fcrlich, aber so f\u00fchlt es sich an, denn genauso oft wird mir hier in Borne ein Paket mit ma\u00dfstabsgetreuen Modellen, Werbematerial und anderen Spielereien der japanischen Automarke Mitsubishi direkt aus Japan geliefert. Sachen, die es in den Niederlanden nicht gibt. \u201eEs ist immer wieder eine [&hellip;]<\/p>\n","protected":false},"author":2,"featured_media":0,"parent":0,"menu_order":0,"comment_status":"closed","ping_status":"closed","template":"","meta":[],"_links":{"self":[{"href":"https:\/\/marcelsmodelcarmuseum.nl\/index.php?rest_route=\/wp\/v2\/pages\/239"}],"collection":[{"href":"https:\/\/marcelsmodelcarmuseum.nl\/index.php?rest_route=\/wp\/v2\/pages"}],"about":[{"href":"https:\/\/marcelsmodelcarmuseum.nl\/index.php?rest_route=\/wp\/v2\/types\/page"}],"author":[{"embeddable":true,"href":"https:\/\/marcelsmodelcarmuseum.nl\/index.php?rest_route=\/wp\/v2\/users\/2"}],"replies":[{"embeddable":true,"href":"https:\/\/marcelsmodelcarmuseum.nl\/index.php?rest_route=%2Fwp%2Fv2%2Fcomments&post=239"}],"version-history":[{"count":2,"href":"https:\/\/marcelsmodelcarmuseum.nl\/index.php?rest_route=\/wp\/v2\/pages\/239\/revisions"}],"predecessor-version":[{"id":246,"href":"https:\/\/marcelsmodelcarmuseum.nl\/index.php?rest_route=\/wp\/v2\/pages\/239\/revisions\/246"}],"wp:attachment":[{"href":"https:\/\/marcelsmodelcarmuseum.nl\/index.php?rest_route=%2Fwp%2Fv2%2Fmedia&parent=239"}],"curies":[{"name":"wp","href":"https:\/\/api.w.org\/{rel}","templated":true}]}}